{"id":5,"date":"2024-04-17T07:39:33","date_gmt":"2024-04-17T05:39:33","guid":{"rendered":"http:\/\/wanderverband-hessen.de\/wtv\/?page_id=5"},"modified":"2025-11-03T11:27:16","modified_gmt":"2025-11-03T10:27:16","slug":"kontakt","status":"publish","type":"page","link":"https:\/\/wanderverband-hessen.de\/werratalverein\/","title":{"rendered":"Kontakt"},"content":{"rendered":"\n<style type=\"text\/css\" data-created_by=\"avia_inline_auto\" id=\"style-css-av-lyrc60rh-960e3fd46305f92f7a9aadaf570c5fb9\">\n.avia-section.av-lyrc60rh-960e3fd46305f92f7a9aadaf570c5fb9{\nbackground-repeat:no-repeat;\nbackground-image:url(https:\/\/wanderverband-hessen.de\/werratalverein\/wp-content\/uploads\/sites\/3\/2024\/07\/Gebietskarte-1.png);\nbackground-position:50% 50%;\nbackground-attachment:scroll;\n}\n<\/style>\n<div id='av_section_1'  class='avia-section av-lyrc60rh-960e3fd46305f92f7a9aadaf570c5fb9 main_color avia-section-default avia-no-border-styling  avia-builder-el-0  avia-builder-el-no-sibling  avia-full-stretch avia-bg-style-scroll av-minimum-height av-minimum-height-100 av-height-100  container_wrap sidebar_right'  data-section-bg-repeat='stretch' data-av_minimum_height_pc='100' data-av_min_height_opt='100'><div class='container av-section-cont-open' ><main  role=\"main\" itemprop=\"mainContentOfPage\"  class='template-page content  av-content-small alpha units'><div class='post-entry post-entry-type-page post-entry-5'><div class='entry-content-wrapper clearfix'>\n\n<style type=\"text\/css\" data-created_by=\"avia_inline_auto\" id=\"style-css-av-lyrc73zg-be4d6de7953e0373e7869357caadbc5a\">\n.flex_column.av-lyrc73zg-be4d6de7953e0373e7869357caadbc5a{\nborder-width:8px;\nborder-color:#8bba34;\nborder-style:dotted;\nborder-radius:22px 22px 22px 22px;\npadding:33px 33px 33px 33px;\nbackground-color:rgba(255,255,255,0.8);\n}\n<\/style>\n<div  class='flex_column av-lyrc73zg-be4d6de7953e0373e7869357caadbc5a av_one_full  avia-builder-el-1  avia-builder-el-no-sibling  first flex_column_div  '     ><p>\n<style type=\"text\/css\" data-created_by=\"avia_inline_auto\" id=\"style-css-av-lv3hd4l6-49ef5a1e5fc6e8dd2d02f4660433d80d\">\n#top .av-special-heading.av-lv3hd4l6-49ef5a1e5fc6e8dd2d02f4660433d80d{\npadding-bottom:10px;\n}\nbody .av-special-heading.av-lv3hd4l6-49ef5a1e5fc6e8dd2d02f4660433d80d .av-special-heading-tag .heading-char{\nfont-size:25px;\n}\n.av-special-heading.av-lv3hd4l6-49ef5a1e5fc6e8dd2d02f4660433d80d .av-subheading{\nfont-size:15px;\n}\n<\/style>\n<div  class='av-special-heading av-lv3hd4l6-49ef5a1e5fc6e8dd2d02f4660433d80d av-special-heading-h1 blockquote modern-quote  avia-builder-el-2  el_before_av_textblock  avia-builder-el-first '><h1 class='av-special-heading-tag '  itemprop=\"headline\"  >Kontakt<\/h1><div class=\"special-heading-border\"><div class=\"special-heading-inner-border\"><\/div><\/div><\/div><br \/>\n<section  class='av_textblock_section av-3ts5-b13830a4e6968ce5e73a14ed1af3a058 '   itemscope=\"itemscope\" itemtype=\"https:\/\/schema.org\/CreativeWork\" ><div class='avia_textblock'  itemprop=\"text\" ><p><strong><span style=\"color: #333333;\">Werratalverein 1883 e.V.<\/span><\/strong><br \/>\nGesch\u00e4ftsf\u00fchrung Gabriele B\u00fcchler<br \/>\nPfaffenweg 11a<br \/>\n37269 Eschwege<\/p>\n<\/div><\/section><br \/>\n\n<style type=\"text\/css\" data-created_by=\"avia_inline_auto\" id=\"style-css-av-mhizx4cm-ba86e3ac6f1f3a7315f6e8095e761a41\">\n#top .hr.hr-invisible.av-mhizx4cm-ba86e3ac6f1f3a7315f6e8095e761a41{\nheight:11px;\n}\n<\/style>\n<div  class='hr av-mhizx4cm-ba86e3ac6f1f3a7315f6e8095e761a41 hr-invisible  avia-builder-el-4  el_after_av_textblock  el_before_av_button '><span class='hr-inner '><span class=\"hr-inner-style\"><\/span><\/span><\/div><br \/>\n<div  class='avia-button-wrap av-mhizvmt9-c66f4eca7c25816a4e81cd42ce1d077d-wrap avia-button-left  avia-builder-el-5  el_after_av_hr  avia-builder-el-last '><a href='https:\/\/www.werratalverein1883.de'  class='avia-button av-mhizvmt9-c66f4eca7c25816a4e81cd42ce1d077d av-link-btn avia-icon_select-yes-left-icon avia-size-small avia-position-left av-icon-on-hover avia-color-theme-color'  target=\"_blank\"  rel=\"noopener noreferrer\"  aria-label=\"Homepage\"><span class='avia_button_icon avia_button_icon_left avia-svg-icon avia-font-svg_entypo-fontello' data-av_svg_icon='right-open' data-av_iconset='svg_entypo-fontello'><svg version=\"1.1\" xmlns=\"http:\/\/www.w3.org\/2000\/svg\" width=\"11\" height=\"32\" viewBox=\"0 0 11 32\" preserveAspectRatio=\"xMidYMid meet\" aria-labelledby='av-svg-title-1' aria-describedby='av-svg-desc-1' role=\"graphics-symbol\">\n<title id='av-svg-title-1'>Right-open<\/title>\n<desc id='av-svg-desc-1'>Right-open<\/desc>\n<path d=\"M3.136 7.168l7.232 7.552q0.512 0.512 0.512 1.28 0 0.704-0.512 1.216l-7.232 7.552q-0.512 0.512-1.28 0.512t-1.28-0.512q-1.152-1.152 0-2.56l5.952-6.208-5.952-6.272q-1.152-1.408 0-2.56 0.512-0.512 1.312-0.512t1.248 0.512z\"><\/path>\n<\/svg><\/span><span class='avia_iconbox_title' >Homepage<\/span><\/a><\/div><\/p><\/div><\/div><\/div><\/main><!-- close content main element --><\/div><\/div><div id='after_section_1'  class='main_color av_default_container_wrap container_wrap sidebar_right'  ><div class='container av-section-cont-open' ><div class='template-page content  av-content-small alpha units'><div class='post-entry post-entry-type-page post-entry-5'><div class='entry-content-wrapper clearfix'>\n","protected":false},"excerpt":{"rendered":"","protected":false},"author":1,"featured_media":0,"parent":0,"menu_order":0,"comment_status":"closed","ping_status":"closed","template":"","meta":{"footnotes":""},"class_list":["post-5","page","type-page","status-publish","hentry"],"_links":{"self":[{"href":"https:\/\/wanderverband-hessen.de\/werratalverein\/wp-json\/wp\/v2\/pages\/5","targetHints":{"allow":["GET"]}}],"collection":[{"href":"https:\/\/wanderverband-hessen.de\/werratalverein\/wp-json\/wp\/v2\/pages"}],"about":[{"href":"https:\/\/wanderverband-hessen.de\/werratalverein\/wp-json\/wp\/v2\/types\/page"}],"author":[{"embeddable":true,"href":"https:\/\/wanderverband-hessen.de\/werratalverein\/wp-json\/wp\/v2\/users\/1"}],"replies":[{"embeddable":true,"href":"https:\/\/wanderverband-hessen.de\/werratalverein\/wp-json\/wp\/v2\/comments?post=5"}],"version-history":[{"count":15,"href":"https:\/\/wanderverband-hessen.de\/werratalverein\/wp-json\/wp\/v2\/pages\/5\/revisions"}],"predecessor-version":[{"id":71,"href":"https:\/\/wanderverband-hessen.de\/werratalverein\/wp-json\/wp\/v2\/pages\/5\/revisions\/71"}],"wp:attachment":[{"href":"https:\/\/wanderverband-hessen.de\/werratalverein\/wp-json\/wp\/v2\/media?parent=5"}],"curies":[{"name":"wp","href":"https:\/\/api.w.org\/{rel}","templated":true}]}}

<style type="text/css" data-created_by="avia_inline_auto" id="style-css-av-lyrc60rh-960e3fd46305f92f7a9aadaf570c5fb9">
.avia-section.av-lyrc60rh-960e3fd46305f92f7a9aadaf570c5fb9{
background-repeat:no-repeat;
background-image:url(https://wanderverband-hessen.de/werratalverein/wp-content/uploads/sites/3/2024/07/Gebietskarte-1.png);
background-position:50% 50%;
background-attachment:scroll;
}
</style>
<div id='av_section_1'  class='avia-section av-lyrc60rh-960e3fd46305f92f7a9aadaf570c5fb9 main_color avia-section-default avia-no-border-styling  avia-builder-el-0  avia-builder-el-no-sibling  avia-full-stretch avia-bg-style-scroll av-minimum-height av-minimum-height-100 av-height-100  container_wrap sidebar_right'  data-section-bg-repeat='stretch' data-av_minimum_height_pc='100' data-av_min_height_opt='100'><div class='container av-section-cont-open' ><main  role="main" itemprop="mainContentOfPage"  class='template-page content  av-content-small alpha units'><div class='post-entry post-entry-type-page post-entry-5'><div class='entry-content-wrapper clearfix'>

<style type="text/css" data-created_by="avia_inline_auto" id="style-css-av-lyrc73zg-be4d6de7953e0373e7869357caadbc5a">
.flex_column.av-lyrc73zg-be4d6de7953e0373e7869357caadbc5a{
border-width:8px;
border-color:#8bba34;
border-style:dotted;
border-radius:22px 22px 22px 22px;
padding:33px 33px 33px 33px;
background-color:rgba(255,255,255,0.8);
}
</style>
<div  class='flex_column av-lyrc73zg-be4d6de7953e0373e7869357caadbc5a av_one_full  avia-builder-el-1  avia-builder-el-no-sibling  first flex_column_div  '     ><p>
<style type="text/css" data-created_by="avia_inline_auto" id="style-css-av-lv3hd4l6-49ef5a1e5fc6e8dd2d02f4660433d80d">
#top .av-special-heading.av-lv3hd4l6-49ef5a1e5fc6e8dd2d02f4660433d80d{
padding-bottom:10px;
}
body .av-special-heading.av-lv3hd4l6-49ef5a1e5fc6e8dd2d02f4660433d80d .av-special-heading-tag .heading-char{
font-size:25px;
}
.av-special-heading.av-lv3hd4l6-49ef5a1e5fc6e8dd2d02f4660433d80d .av-subheading{
font-size:15px;
}
</style>
<div  class='av-special-heading av-lv3hd4l6-49ef5a1e5fc6e8dd2d02f4660433d80d av-special-heading-h1 blockquote modern-quote  avia-builder-el-2  el_before_av_textblock  avia-builder-el-first '><h1 class='av-special-heading-tag '  itemprop="headline"  >Kontakt</h1><div class="special-heading-border"><div class="special-heading-inner-border"></div></div></div><br />
<section  class='av_textblock_section av-3ts5-b13830a4e6968ce5e73a14ed1af3a058 '   itemscope="itemscope" itemtype="https://schema.org/CreativeWork" ><div class='avia_textblock'  itemprop="text" ><p><strong><span style="color: #333333;">Werratalverein 1883 e.V.</span></strong><br />
Geschäftsführung Gabriele Büchler<br />
Pfaffenweg 11a<br />
37269 Eschwege</p>
</div></section><br />

<style type="text/css" data-created_by="avia_inline_auto" id="style-css-av-mhizx4cm-ba86e3ac6f1f3a7315f6e8095e761a41">
#top .hr.hr-invisible.av-mhizx4cm-ba86e3ac6f1f3a7315f6e8095e761a41{
height:11px;
}
</style>
<div  class='hr av-mhizx4cm-ba86e3ac6f1f3a7315f6e8095e761a41 hr-invisible  avia-builder-el-4  el_after_av_textblock  el_before_av_button '><span class='hr-inner '><span class="hr-inner-style"></span></span></div><br />
<div  class='avia-button-wrap av-mhizvmt9-c66f4eca7c25816a4e81cd42ce1d077d-wrap avia-button-left  avia-builder-el-5  el_after_av_hr  avia-builder-el-last '><a href='https://www.werratalverein1883.de'  class='avia-button av-mhizvmt9-c66f4eca7c25816a4e81cd42ce1d077d av-link-btn avia-icon_select-yes-left-icon avia-size-small avia-position-left av-icon-on-hover avia-color-theme-color'  target="_blank"  rel="noopener noreferrer"  aria-label="Homepage"><span class='avia_button_icon avia_button_icon_left avia-svg-icon avia-font-svg_entypo-fontello' data-av_svg_icon='right-open' data-av_iconset='svg_entypo-fontello'><svg version="1.1" xmlns="http://www.w3.org/2000/svg" width="11" height="32" viewBox="0 0 11 32" preserveAspectRatio="xMidYMid meet" aria-labelledby='av-svg-title-1' aria-describedby='av-svg-desc-1' role="graphics-symbol">
<title id='av-svg-title-1'>Right-open</title>
<desc id='av-svg-desc-1'>Right-open</desc>
<path d="M3.136 7.168l7.232 7.552q0.512 0.512 0.512 1.28 0 0.704-0.512 1.216l-7.232 7.552q-0.512 0.512-1.28 0.512t-1.28-0.512q-1.152-1.152 0-2.56l5.952-6.208-5.952-6.272q-1.152-1.408 0-2.56 0.512-0.512 1.312-0.512t1.248 0.512z"></path>
</svg></span><span class='avia_iconbox_title' >Homepage</span></a></div></p></div></div></div></main><!-- close content main element --></div></div><div id='after_section_1'  class='main_color av_default_container_wrap container_wrap sidebar_right'  ><div class='container av-section-cont-open' ><div class='template-page content  av-content-small alpha units'><div class='post-entry post-entry-type-page post-entry-5'><div class='entry-content-wrapper clearfix'>
