{"id":19,"date":"2025-03-08T10:28:29","date_gmt":"2025-03-08T09:28:29","guid":{"rendered":"https:\/\/wanderverband-hessen.de\/dwj-hessen\/?page_id=19"},"modified":"2025-03-10T19:40:14","modified_gmt":"2025-03-10T18:40:14","slug":"kontakt","status":"publish","type":"page","link":"https:\/\/wanderverband-hessen.de\/dwj-hessen\/kontakt\/","title":{"rendered":"Kontakt"},"content":{"rendered":"<div id='av-layout-grid-1'  class='av-layout-grid-container av-339vn-a2682a7eea1586527ac3d39124cd616d entry-content-wrapper main_color av-flex-cells av-break-at-tablet  avia-builder-el-0  el_before_av_section  avia-builder-el-first   container_wrap sidebar_right'  >\n\n<style type=\"text\/css\" data-created_by=\"avia_inline_auto\" id=\"style-css-av-m81azluk-40c55fdfe09efb46cd47be51f8d89a9c\">\n.flex_cell.av-m81azluk-40c55fdfe09efb46cd47be51f8d89a9c{\nvertical-align:top;\nbackground-color:#7aba48;\n}\n<\/style>\n<div class='flex_cell av-m81azluk-40c55fdfe09efb46cd47be51f8d89a9c av-gridrow-cell av_two_fifth no_margin  avia-builder-el-1  el_before_av_cell_three_fifth  avia-builder-el-first  content-align-top'  ><div class='flex_cell_inner'>\n<style type=\"text\/css\" data-created_by=\"avia_inline_auto\" id=\"style-css-av-m81ax0vp-e6256af7add3fe49e5e49040e426a92f\">\n#top .av-special-heading.av-m81ax0vp-e6256af7add3fe49e5e49040e426a92f{\npadding-bottom:10px;\ncolor:rgba(255,255,255,0.77);\n}\nbody .av-special-heading.av-m81ax0vp-e6256af7add3fe49e5e49040e426a92f .av-special-heading-tag .heading-char{\nfont-size:25px;\n}\n.av-special-heading.av-m81ax0vp-e6256af7add3fe49e5e49040e426a92f .special-heading-inner-border{\nborder-color:rgba(255,255,255,0.77);\n}\n.av-special-heading.av-m81ax0vp-e6256af7add3fe49e5e49040e426a92f .av-subheading{\nfont-size:15px;\n}\n<\/style>\n<div  class='av-special-heading av-m81ax0vp-e6256af7add3fe49e5e49040e426a92f av-special-heading-h2 custom-color-heading blockquote modern-quote modern-right  avia-builder-el-2  avia-builder-el-no-sibling '><h2 class='av-special-heading-tag '  itemprop=\"headline\"  >KONTAKT<\/h2><div class='av_custom_color av-subheading av-subheading_below'><p>Deutsche Wanderjugend<br \/>\nim Hessischen Landesverband<\/p>\n<\/div><div class=\"special-heading-border\"><div class=\"special-heading-inner-border\"><\/div><\/div><\/div>\n<\/div><\/div><div class='flex_cell av-zqn-056261d1a8f367f6f9f023de0c4e2c87 av-gridrow-cell av_three_fifth no_margin  avia-builder-el-3  el_after_av_cell_two_fifth  avia-builder-el-last '  ><div class='flex_cell_inner'><div  class='avia-icon-list-container av-m81b98xp-64e6921b5350e5f2ffae75e9305f5ada  avia-builder-el-4  avia-builder-el-no-sibling '><ul class='avia-icon-list avia_animate_when_almost_visible avia-icon-list-left av-iconlist-big av-m81b98xp-64e6921b5350e5f2ffae75e9305f5ada avia-iconlist-animate'>\n<li><div class='iconlist_icon av-1zvlb-fcb6ed9cb8535de46a7298e7556c2282 avia-font-entypo-fontello avia-iconfont avia-font-entypo-fontello'><span class='av-icon-char' data-av_icon='\ue821' data-av_iconfont='entypo-fontello' aria-hidden=\"true\"><\/span><\/div><article class=\"article-icon-entry \"  itemscope=\"itemscope\" itemtype=\"https:\/\/schema.org\/CreativeWork\" ><div class=\"iconlist_content_wrap\"><header class=\"entry-content-header\" aria-label=\"Icon: Die Gesch\u00e4ftsstelle\"><h4 class='av_iconlist_title iconlist_title  '  itemprop=\"headline\" >Die Gesch\u00e4ftsstelle<\/h4><\/header><div class='iconlist_content '  itemprop=\"text\" ><hr \/>\n<p><strong><span style=\"color: #333333\">Deutsche Wanderjugend<\/span><\/strong><br \/>\n<strong><span style=\"color: #333333\">Landesverband Hessen<\/span><\/strong><br \/>\nim Wanderverband Hessen e.V.<br \/>\nCarlo-Mierendorff-Stra\u00dfe 6<br \/>\n64823 Gro\u00df-Umstadt<\/p>\n<p>Tel. 06078 74812<br \/>\n<a href=\"mailto:info@wanderjugend-hessen.de\">info@wanderjugend-hessen.de<\/a><br \/>\n<a href=\"https:\/\/wanderjugend-hessen.de\" target=\"_blank\" rel=\"noopener\">www.wanderjugend-hessen.de<\/a><\/p>\n<\/div><\/div><footer class=\"entry-footer\"><\/footer><\/article><div class=\"iconlist-timeline\"><\/div><\/li>\n<li><div class='iconlist_icon av-m81b8ddc-095c7ceaee29f8d30862943b70870448 avia-font-entypo-fontello avia-iconfont avia-font-entypo-fontello'><span class='av-icon-char' data-av_icon='\ue80b' data-av_iconfont='entypo-fontello' aria-hidden=\"true\"><\/span><\/div><article class=\"article-icon-entry \"  itemscope=\"itemscope\" itemtype=\"https:\/\/schema.org\/CreativeWork\" ><div class=\"iconlist_content_wrap\"><header class=\"entry-content-header\" aria-label=\"Icon: Der Landesvorstand\"><h4 class='av_iconlist_title iconlist_title  '  itemprop=\"headline\" >Der Landesvorstand<\/h4><\/header><div class='iconlist_content '  itemprop=\"text\" ><hr \/>\n<ul>\n<li><strong><span style=\"color: #333333\">Ilka Staudt<\/span><\/strong> (Odenwaldklub), gesch\u00e4ftsf\u00fchrendes Vorstandsmitglied<\/li>\n<li><strong><span style=\"color: #333333\">Christoph Kuchel <\/span><\/strong>(Rh\u00f6nklub), gesch\u00e4ftsf\u00fchrendes Vorstandsmitglied<\/li>\n<li><strong><span style=\"color: #333333\">Fabian Kempe<\/span><\/strong> (Rh\u00f6nklub), gesch\u00e4ftsf\u00fchrendes Vorstandsmitglied<\/li>\n<\/ul>\n<p>Hinzu kommen:<\/p>\n<ul>\n<li><strong><span style=\"color: #333333\">Astrid L\u00fcnse<\/span><\/strong> (Vogelsberger H\u00f6hen-Club), Vorsitzende Wanderverband Hessen e.V.<\/li>\n<li><strong><span style=\"color: #333333\">Katja Preu\u00dfler, <\/span><\/strong>Leiterin der AG Spielschar<\/li>\n<\/ul>\n<p>Kassenpr\u00fcfer sind:<\/p>\n<ul>\n<li><strong><span style=\"color: #333333\">Alexander Kolb<\/span><\/strong> (Odenwaldklub)<\/li>\n<li><strong><span style=\"color: #333333\">Albert Braun<\/span><\/strong> (Odenwaldklub)<\/li>\n<\/ul>\n<\/div><\/div><footer class=\"entry-footer\"><\/footer><\/article><div class=\"iconlist-timeline\"><\/div><\/li>\n<li><div class='iconlist_icon av-m81b8ddc-1-2428ec82670177af5f28ab1c030cf37e avia-font-entypo-fontello avia-iconfont avia-font-entypo-fontello'><span class='av-icon-char' data-av_icon='\ue80b' data-av_iconfont='entypo-fontello' aria-hidden=\"true\"><\/span><\/div><article class=\"article-icon-entry \"  itemscope=\"itemscope\" itemtype=\"https:\/\/schema.org\/CreativeWork\" ><div class=\"iconlist_content_wrap\"><header class=\"entry-content-header\" aria-label=\"Icon: Mitarbeitende vor Ort\"><h4 class='av_iconlist_title iconlist_title  '  itemprop=\"headline\" >Mitarbeitende vor Ort<\/h4><\/header><div class='iconlist_content '  itemprop=\"text\" ><hr \/>\n<ul>\n<li>Bildungsreferent*in:<br \/>\n<strong><span style=\"color: #333333\">Kira Klug &amp; Christian Jorgow<\/span><\/strong><\/li>\n<li>Verwaltung:<br \/>\n<strong><span style=\"color: #333333\">Pia T\u00f6pfer<\/span><\/strong><\/li>\n<\/ul>\n<\/div><\/div><footer class=\"entry-footer\"><\/footer><\/article><div class=\"iconlist-timeline\"><\/div><\/li>\n<\/ul><\/div>\n<\/div><\/div><\/div>\n<style type=\"text\/css\" data-created_by=\"avia_inline_auto\" id=\"style-css-av-w543-be054b261da3ca2e6b4aa7076d65b626\">\n.avia-section.av-w543-be054b261da3ca2e6b4aa7076d65b626{\nbackground-color:#eeeeee;\nbackground-image:unset;\n}\n<\/style>\n<div id='av_section_1'  class='avia-section av-w543-be054b261da3ca2e6b4aa7076d65b626 main_color avia-section-default avia-no-border-styling  avia-builder-el-5  el_after_av_layout_row  avia-builder-el-last  avia-bg-style-scroll container_wrap sidebar_right'  ><div class='container av-section-cont-open' ><div class='template-page content  av-content-small alpha units'><div class='post-entry post-entry-type-page post-entry-19'><div class='entry-content-wrapper clearfix'><\/div><\/div><\/div><!-- close content main div --><\/div><\/div><div id='after_section_1'  class='main_color av_default_container_wrap container_wrap sidebar_right'  ><div class='container av-section-cont-open' ><div class='template-page content  av-content-small alpha units'><div class='post-entry post-entry-type-page post-entry-19'><div class='entry-content-wrapper clearfix'><\/p>\n","protected":false},"excerpt":{"rendered":"","protected":false},"author":4,"featured_media":0,"parent":0,"menu_order":0,"comment_status":"closed","ping_status":"closed","template":"","meta":{"footnotes":""},"class_list":["post-19","page","type-page","status-publish","hentry"],"_links":{"self":[{"href":"https:\/\/wanderverband-hessen.de\/dwj-hessen\/wp-json\/wp\/v2\/pages\/19","targetHints":{"allow":["GET"]}}],"collection":[{"href":"https:\/\/wanderverband-hessen.de\/dwj-hessen\/wp-json\/wp\/v2\/pages"}],"about":[{"href":"https:\/\/wanderverband-hessen.de\/dwj-hessen\/wp-json\/wp\/v2\/types\/page"}],"author":[{"embeddable":true,"href":"https:\/\/wanderverband-hessen.de\/dwj-hessen\/wp-json\/wp\/v2\/users\/4"}],"replies":[{"embeddable":true,"href":"https:\/\/wanderverband-hessen.de\/dwj-hessen\/wp-json\/wp\/v2\/comments?post=19"}],"version-history":[{"count":34,"href":"https:\/\/wanderverband-hessen.de\/dwj-hessen\/wp-json\/wp\/v2\/pages\/19\/revisions"}],"predecessor-version":[{"id":246,"href":"https:\/\/wanderverband-hessen.de\/dwj-hessen\/wp-json\/wp\/v2\/pages\/19\/revisions\/246"}],"wp:attachment":[{"href":"https:\/\/wanderverband-hessen.de\/dwj-hessen\/wp-json\/wp\/v2\/media?parent=19"}],"curies":[{"name":"wp","href":"https:\/\/api.w.org\/{rel}","templated":true}]}}